e 5*x = w*b - 22, 4*b - 3 = -3*x + 15. Suppose y - 40 = -9*y. What is the greatest common divisor of y and b?
2
Suppose -5*g - 23 = -3. Let q be ((-66)/g)/((-1)/(-10)). Calculate the greatest common factor of q and 15.
15
Suppose 0 = -0*a - 2*a + 3*z + 75, -z = 5. Let w(j) = 5*j. Let c be w(3). What is the highest common divisor of c and a?
15
Suppose 3*i - 508 = i. Let q = i + -166. What is the highest common factor of q and 11?
11
Suppose -2*j + 48 = -6. Let q(n) = n**2 - 32*n - 96. Let p be q(35). What is the greatest common divisor of p and j?
9
Let d = 30 + 19. What is the highest common factor of 7 and d?
7
Let m(s) = 11*s + 5. Let q be m(5). Suppose 5*k = 2*a - 31, 5*a + 0*k - q = -5*k. Calculate the greatest common divisor of a and 26.
13
Suppose 5*q = 4*h - 0*q - 67, 4 = h + 3*q. What is the highest common factor of h and 143?
13
Let z(a) = 6*a + 2. Let j be z(2). Let c(v) = -v**3 + v**2 + 4*v + 3. Suppose -f + 5 = 7. Let t be c(f). Calculate the highest common factor of j and t.
7
Let u = -45 - -24. Let c be (-2)/6 + 35/u. Let o be -2*1/2*c. What is the greatest common factor of o and 8?
2
Suppose -4*b + 20 = 4*o - 3*b, 20 = 4*o - b. Let h be 2 - (o + -2 - 43). What is the highest common factor of 14 and h?
14
Let m(w) = w**3 - 7*w**2 + 6*w. Let r be m(6). Suppose u - 95 = -4*h, 5*u = -r*u - 4*h + 491. Calculate the highest common factor of u and 9.
9
Let m = -25 - 118. Let u be -3 + 270 - 2 - 1. Let c = m + u. What is the greatest common divisor of 11 and c?
11
Suppose -3*f = -3 - 48. What is the greatest common divisor of 119 and f?
17
Let k = 10 - 23. Let f = k + 23. What is the highest common factor of 5 and f?
5
Let o(q) = -2*q**2 - 2*q - 1. Let y be o(-2). Let z be ((-72)/5 - 0)*y. What is the highest common factor of z and 9?
9
Let n = 7 + -3. Suppose -2*c + 4*a = 46 - 252, 0 = 3*c + n*a - 269. Calculate the highest common factor of c and 19.
19
Let y = -19 - -62. Suppose y = 3*m - g, m + 3*m - 5*g - 50 = 0. Let i(k) = 30*k**2 + k - 1. Let n be i(1). Calculate the greatest common divisor of m and n.
15
Let u be (1 + (-4)/2)*-6. Let h be (u/(-10))/(2/(-10)). Suppose -179 = -h*s + 46. What is the greatest common divisor of 30 and s?
15
Suppose 14*u - 54 = 11*u. Let m = -11 + 17. Suppose m*q = q + 60. Calculate the highest common divisor of u and q.
6
Let a(s) = 2*s - 5. Let m = 11 + -6. Let h be a(m). Calculate the greatest common factor of 25 and h.
5
Suppose 0 = 8*t - 4*t - 8. Suppose 0*p = t*p - 6. Suppose -m - i = -3*m + 31, -p*m = -i - 48. Calculate the greatest common divisor of m and 187.
17
Suppose 22 - 35 = -r. Calculate the highest common divisor of r and 13.
13
Suppose 0 = -5*j + 209 - 19. What is the greatest common divisor of j and 57?
19
Suppose 3*r = -2*r + 540. Let k be 1*-9*(0 + 1). Let u = 21 + k. What is the highest common factor of u and r?
12
Suppose 5*l - 518 = 362. Let f(b) = -b - 1. Let c be f(-5). Suppose 0 = -c*a + 4*r + 68, -5*r = 3 + 2. What is the highest common divisor of a and l?
16
Let l(p) = 17*p**2 + 32*p - 15. Let c(x) = 6*x**2 + 11*x - 5. Let w(r) = -8*c(r) + 3*l(r). Let b be w(-6). Calculate the highest common divisor of 5 and b.
5
Suppose -5*g + 18 = -192. What is the highest common divisor of 210 and g?
42
Let o = -111 + 113. Calculate the highest common factor of o and 1.
1
Suppose 0 = 5*x - 3*b - 13, 5*b = 6 + 14. Suppose x*y - 90 = 2*y. What is the highest common factor of 75 and y?
15
Let x(k) = -15*k**3 - k**2 - 2*k - 1. Let t be x(-1). What is the highest common divisor of 15 and t?
15
Let v(r) = r**3 - r**2 - 5*r + 4. Let z be v(3). Suppose 2*w = -4*n + z + 1, w - 11 = 5*n. Calculate the greatest common factor of w and 3.
3
Suppose 126 = 3*s - u + 16, 5*s - 4*u = 174. Calculate the greatest common factor of 342 and s.
38
Let u = -51 + 74. Calculate the highest common divisor of 1 and u.
1
Suppose 2*f + 12 = -2*f. Let k = 17 + f. Let i be ((-14)/8)/(45/(-40) + 1). What is the greatest common divisor of i and k?
14
Suppose -20 = 5*j, -r + 3*r - 2*j - 26 = 0. What is the greatest common factor of r and 45?
9
Let w be (22/(-3))/(12/(-126)). Calculate the highest common divisor of w and 11.
11
Let j(m) = 3*m + 4. Let c(p) = 10*p + 11. Let i(h) = 3*c(h) - 8*j(h). Let s be i(4). Calculate the greatest common factor of s and 150.
25
Let l(u) be the second derivative of u**3/3 + 7*u**2/2 + u. Let p be l(6). What is the greatest common factor of 95 and p?
19
Let l(r) = r**2 + 6*r - 10. Let c be l(5). What is the highest common factor of 18 and c?
9
Suppose -3*l = -0*l - 456. Let i(j) = j**2 - 18*j - 44. Let t be i(21). Calculate the highest common divisor of l and t.
19
Suppose 5*m + 5*a = 655, -5*a = 2*m - 0*a - 250. Let k = 275 - m. Calculate the highest common divisor of k and 28.
28
Let i be (-1 - -15)*(0 + 1). Suppose -5*u + 65 = -3*q, -6*q + 4*q - u = 26. Let a be 36/q*(-140)/6. What is the highest common factor of a and i?
14
Let z(b) = 10*b - 19. Let h be (-1)/(-2)*84/3. Let f be z(h). Calculate the highest common factor of 11 and f.
11
Suppose 24 = -4*n + 4*m, -5*n + 6*n = -4*m + 4. Let k be ((-4)/(-6))/(n/(-462)). Calculate the greatest common divisor of k and 11.
11
Let d(p) = 6*p + 60. Let b be d(-9). What is the greatest common divisor of b and 6?
6
Let t = 65 - 62. Calculate the greatest common factor of 48 and t.
3
Let w(i) = 32*i - 30. Let y be w(5). Calculate the highest common divisor of y and 10.
10
Let g(u) be the second derivative of u**3/6 + u**2/2 + 5*u. Let z be g(4). What is the greatest common factor of z and 5?
5
Let m = 9 + 3. Calculate the highest common divisor of m and 36.
12
Let b = 60 + -58. Calculate the highest common divisor of b and 2.
2
Suppose 0 = -5*n + 27 + 38. Suppose 5*q + 0*q - 2*d - 126 = 0, 60 = 2*q + 4*d. Calculate the highest common factor of n and q.
13
Let s = 11 - -13. Suppose 2*n + 10 = p, -35 = -2*p + 2*n - 3*n. What is the greatest common factor of s and p?
8
Let w(u) = u**2 - 4*u + 7. Let l be w(5). Let r(g) = 6*g**2 - 2*g - 4. Let o be r(4). Calculate the highest common divisor of l and o.
12
Let w be 2*(19 - 1) + -2. Let k = 74 - w. Let u = -90 + 100. What is the greatest common factor of u and k?
10
Let g be 52/14 - 4/(-14). Let t be 8/g + 1 + 0. Suppose -f - 1 = 0, -2*h + 6*h + 3*f = 129. What is the highest common factor of t and h?
3
Let y = -21 - -33. Let g(c) be the third derivative of 7*c**4/24 - c**3/3 - 2*c**2. Let i be g(2). What is the greatest common divisor of y and i?
12
Let w be (-548)/(-20) + (-2)/5. Calculate the highest common factor of w and 3.
3
Suppose -7*v + 201 = -37. What is the greatest common factor of v and 17?
17
Let c = -2 - -1. Suppose 0 = -5*h + 3*a + 36, -3*h - 2*a = -3*a - 20. Let j = h + c. Calculate the greatest common factor of 55 and j.
5
Let j = -30 + 55. What is the greatest common divisor of 10 and j?
5
Let l be (-2 - (-2)/1)/2. Suppose 5*f + l*f = 70. Calculate the greatest common factor of 2 and f.
2
Suppose 0 = r + 5*k + 10 + 13, -4*r - 4*k = 12. What is the greatest common factor of r and 22?
2
Suppose 4*h - 19 = -i - 3, -5*h = -2*i - 7. Calculate the highest common divisor of h and 1.
1
Let z(r) = r**2 - 3*r - 3. Let n be z(4). Let m = 2 + n. Suppose -m*d + 364 = d. Calculate the highest common divisor of 13 and d.
13
Suppose 0 = 4*i - i. Suppose i = -5*f + 58 + 37. Let d be (f + 1)*(-2)/(-4). Calculate the highest common divisor of 70 and d.
10
Suppose 6 = -0*i + 3*i. Let w be (1 - 11)*(-2)/i. Suppose -6*s + 440 = -2*s. What is the greatest common factor of s and w?
10
Let c = 1 + 2. Suppose -i = c*i. Suppose i = 2*v - v + q - 47, 100 = 2*v + 4*q. What is the greatest common divisor of 4 and v?
4
Let d be 1/(-3) + 362/6. Let p be (-4)/(-6)*(-144)/(-12). Let b = p + -2. What is the greatest common factor of d and b?
6
Suppose 8 + 16 = 4*a. Let q be (a/2)/((-9)/(-120)). What is the highest common factor of 10 and q?
10
Let j = -23 - -33. Calculate the highest common factor of 15 and j.
5
Let b(s) = s**2 - 23*s - 35. Let o be b(25). Calculate the highest common factor of 195 and o.
15
Let y(m) = -m**3 + 4*m**2 - 3*m - 2. Let x be y(4). Let t be ((-12)/x)/((-1)/(-42)). Calculate the highest common factor of t and 12.
12
Let s be 0 + (-66)/((-1)/1). What is the greatest common divisor of s an